n 478653975 is divided by 66.
63
Calculate the remainder when 773728 is divided by 41.
17
What is the remainder when 122423 is divided by 238?
91
Calculate the remainder when 4595953 is divided by 8924.
93
What is the remainder when 4508424 is divided by 121849?
11
Calculate the remainder when 8294746 is divided by 132.
130
Calculate the remainder when 6898915 is divided by 13.
10
What is the remainder when 1689514 is divided by 490?
484
Calculate the remainder when 29400 is divided by 6481.
3476
What is the remainder when 78750774 is divided by 8?
6
What is the remainder when 19454464 is divided by 999?
937
What is the remainder when 261938007 is divided by 15?
12
What is the remainder when 2166920 is divided by 309536?
168
What is the remainder when 22327 is divided by 7436?
19
Calculate the remainder when 33878990 is divided by 575.
565
Calculate the remainder when 267148231 is divided by 6738.
7
Calculate the remainder when 1184672 is divided by 592167.
338
What is the remainder when 75172435 is divided by 58409?
52
What is the remainder when 25032166 is divided by 126?
124
Calculate the remainder when 216898 is divided by 2493.
7
Calculate the remainder when 45111 is divided by 3702.
687
Calculate the remainder when 6940605 is divided by 18410.
35
What is the remainder when 9521513 is divided by 239?
231
What is the remainder when 661 is divided by 556?
105
Calculate the remainder when 1767652 is divided by 8073.
7738
What is the remainder when 359765 is divided by 4798?
4713
What is the remainder when 4210608 is divided by 13?
12
Calculate the remainder when 13882874 is divided by 150900.
74
Calculate the remainder when 11958743 is divided by 7239.
7154
Calculate the remainder when 172294 is divided by 172233.
61
Calculate the remainder when 2589356 is divided by 85.
1
What is the remainder when 141561 is divided by 1007?
581
What is the remainder when 1197970 is divided by 49908?
178
Calculate the remainder when 55475 is divided by 297.
233
What is the remainder when 3141 is divided by 929?
354
What is the remainder when 2417697 is divided by 410?
337
Calculate the remainder when 1909586 is divided by 1598.
1574
Calculate the remainder when 28018 is divided by 1350.
1018
Calculate the remainder when 30530746 is divided by 2518.
2514
What is the remainder when 36234635 is divided by 25?
10
Calculate the remainder when 51192 is divided by 2048.
2040
Calculate the remainder when 544369 is divided by 8.
1
Calculate the remainder when 2687812 is divided by 671947.
24
Calculate the remainder when 183820658 is divided by 34.
32
What is the remainder when 332938317 is divided by 264?
261
What is the remainder when 23111 is divided by 55?
11
Calculate the remainder when 24814316 is divided by 3544886.
114
What is the remainder when 54330 is divided by 4532?
4478
What is the remainder when 191090 is divided by 27255?
305
What is the remainder when 3067295 is divided by 267?
266
Calculate the remainder when 1179889 is divided by 3041.
3022
Calculate the remainder when 92570675 is divided by 268.
259
What is the remainder when 27030 is divided by 3409?
3167
Calculate the remainder when 14022330 is divided by 117.
114
Calculate the remainder when 471866 is divided by 8347.
4434
What is the remainder when 1585 is divided by 721?
143
Calculate the remainder when 1629547 is divided by 7686.
115
What is the remainder when 4210 is divided by 1836?
538
What is the remainder when 22411755 is divided by 116123?
16
What is the remainder when 1098398 is divided by 1300?
1198
What is the remainder when 799821 is divided by 39989?
41
What is the remainder when 1557254 is divided by 174?
128
Calculate the remainder when 2224645 is divided by 247177.
52
Calculate the remainder when 2828742 is divided by 2332.
26
What is the remainder when 1716381 is divided by 3964?
3933
What is the remainder when 864831 is divided by 43241?
11
What is the remainder when 3568454 is divided by 1786?
26
Calculate the remainder when 147075795 is divided by 575.
570
What is the remainder when 83191 is divided by 27689?
124
What is the remainder when 8891414 is divided by 4665?
4589
What is the remainder when 1012584 is divided by 353?
180
What is the remainder when 3872770 is divided by 553237?
111
Calculate the remainder when 100230 is divided by 49120.
1990
Calculate the remainder when 5463380 is divided by 92.
52
What is the remainder when 339507 is divided by 2535?
2352
Calculate the remainder when 6210 is divided by 4712.
1498
Calculate the remainder when 470746 is divided by 43.
25
What is the remainder when 495104 is divided by 1375?
104
What is the remainder when 597627 is divided by 128?
123
Calculate the remainder when 36715989 is divided by 41.
38
What is the remainder when 1453099 is divided by 19893?
910
What is the remainder when 686596 is divided by 171648?
4
Calculate the remainder when 112258 is divided by 37323.
289
Calculate the remainder when 43506577 is divided by 76.
73
Calculate the remainder when 307294 is divided by 922.
268
Calculate the remainder when 4078380 is divided by 14940.
14700
What is the remainder when 16948251 is divided by 8474122?
7
Calculate the remainder when 7552389 is divided by 872.
869
What is the remainder when 2485008 is divided by 1242158?
692
Calculate the remainder when 208728 is divided by 57.
51
Calculate the remainder when 10037546 is divided by 5018761.
24
Calculate the remainder when 3808132 is divided by 15415.
627
What is the remainder when 21437275 is divided by 205?
15
Calculate the remainder when 7373748 is divided by 17.
15
What is the remainder when 54595650 is divided by 1727?
1726
What is the remainder when 4944995 is divided by 274720?
35
What is the remainder when 196357 is divided by 97943?
471
What is the remainder when 552566 is divided by 2558?
38
What is the remainder when 16666904 is divided by 26?
20
Calculate the remainder when 2104720939 is divided by 14.
13
Calculate the remainder when 36033774 is divided by 3603377.
4
What is the remainder when 49359 is divided by 23478?
2403
Calculate the remainder when 11866 is divided by 909.
49
Calculate the remainder when 134235 is divided by 102.
3
What is the remainder when 10286874 is divided by 2803?
2667
What is the remainder when 278116 is divided by 138954?
208
What is the remainder when 160591 is divided by 14435?
1806
What is the remainder when 40602290 is divided by 10150571?
6
What is the remainder when 1570095 is divided by 196260?
15
Calculate the remainder when 6317419 is divided by 187.
185
What is the remainder when 565307 is divided by 565305?
2
What is the remainder when 27122 is divided by 1345?
222
Calculate the remainder when 1176556 is divided by 392087.
295
Calculate the remainder when 4561454 is divided by 912272.
94
What is the remainder when 21200 is divided by 11126?
10074
Calculate the remainder when 148678 is divided by 148671.
7
What is the remainder when 4943952 is divided by 617985?
72
What is the remainder when 190764 is divided by 89?
37
Calculate the remainder when 65513540 is divided by 11.
4
What is the remainder when 260767 is divided by 2507?
39
Calculate the remainder when 3941544 is divided by 1505.
1454
Calculate the remainder when 582495 is divided by 905.
580
Calculate the remainder when 797756 is divided by 790.
646
What is the remainder when 509577 is divided by 2074?
1447
What is the remainder when 3190328 is divided by 19934?
888
Calculate the remainder when 333738 is divided by 339.
162
What is the remainder when 334834 is divided by 55804?
10
What is the remainder when 17134113 is divided by 261?
246
Calculate the remainder when 2272788 is divided by 179.
25
What is the remainder when 3110065 is divided by 1036683?
16
What is the remainder when 2060313 is divided by 1030133?
47
What is the remainder when 9778662 is divided by 578?
58
What is the remainder when 53959522 is divided by 82?
78
Calculate the remainder when 21046826 is divided by 121.
86
What is the remainder when 2981241 is divided by 160?
121
Calculate the remainder when 100522 is divided by 32298.
3628
Calculate the remainder when 95437 is divided by 122.
33
Calculate the remainder when 889169 is divided by 5200.
5169
Calculate the remainder when 6185